rs of (-4035419)/69*1/(-2) - (-1)/(-6)?
2, 14621
Let x = -11925 + 24070. List the prime factors of x.
5, 7, 347
Suppose -6*l + 3*l = -4*a - 23873, 5*a = -2*l + 15946. List the prime factors of l.
7963
Suppose -25*f + 4 - 4 = 0. Suppose -8*w + 4833 + 191 = f. List the prime factors of w.
2, 157
Let w = -1284 - -2482. Let o = w + -337. List the prime factors of o.
3, 7, 41
Let b = -1620 + 2466. Suppose a + i = -a + 576, 3*i + b = 3*a. List the prime factors of a.
2, 11, 13
Suppose 0 = -2*n + c + 2, 0 = -n + 5*c + 5 + 5. Let q(u) = -u + 1. Let i be q(-3). Suppose n*r = i*r - 84. What are the prime factors of r?
3, 7
Suppose 5 = -x, 3*x - 7242 = 2*v - 3*v. What are the prime factors of v?
3, 41, 59
Let s(g) = 57*g + 1278. Let b(k) = 19*k + 425. Let w(z) = 7*b(z) - 2*s(z). What are the prime factors of w(0)?
419
Let f = -19228 - -31719. What are the prime factors of f?
12491
Suppose 3*b - 7800 = 7*b. Let k = -1242 - b. What are the prime factors of 1/(2/k*2)?
3, 59
Suppose 3*x - 2710*j - 1457 = -2711*j, 0 = 5*j + 5. List the prime factors of x.
2, 3
Let f = 18 + -15. Suppose 96 = -3*g + 4164. Suppose -f*i = 9*i - g. What are the prime factors of i?
113
Let w(l) = -387*l - 7904. List the prime factors of w(-115).
17, 2153
Suppose -4*j = -0*j. Let o = 23 + -23. Suppose 5*a + 0*b - b - 397 = o, a - b - 77 = j. List the prime factors of a.
2, 5
Let o(t) = -141*t**3 - t**2 - t. Let q = -80 - -81. Suppose 2*x - 2*r = -3 + q, 4*x + 4 = r. What are the prime factors of o(x)?
3, 47
Let m = 10055 - -6180. List the prime factors of m.
5, 17, 191
Suppose -9*x = -13*x + 20. Suppose 3823 = 3*g - k, -x*g = -9*g - 2*k + 5104. What are the prime factors of g?
3, 5, 17
Let v = 5963 + -4349. What are the prime factors of v?
2, 3, 269
Let f(i) = -7*i + 1. Let h be f(-5). Let z be h*1 - (7 - 8). Suppose -x + z = -2. List the prime factors of x.
3, 13
Suppose 2*a = -4*i + 20176, -113*i + 115*i = -4. List the prime factors of a.
2, 3, 29
What are the prime factors of ((-14)/(-4))/(202/167660)?
5, 7, 83
Suppose 38 = -34*d + 36*d. Suppose -1435 - 12739 = -d*n. List the prime factors of n.
2, 373
Let h(n) = 14*n**2. Let s be h(-1). Let u(k) = -k**3 + 13*k**2 + 15*k - 13. Let y be u(s). What are the prime factors of (-9)/3*y + 82?
79
Let s(r) = -468*r - 341. Let p be s(-7). Suppose p = 7*j - 4464. List the prime factors of j.
7, 151
Suppose -9 = -u + 10. Suppose 0 = 45*i - u*i - 8684. List the prime factors of i.
2, 167
Suppose 120852 = 25*h - 749023. What are the prime factors of h?
5, 6959
Let o = -253 + 185. What are the prime factors of ((-1)/(3/211))/(o/204)?
211
Let q be 15/5*-1 - -6. Suppose -4*r + 1209 = q*c, 5*c - 5*r = 4*c + 403. What are the prime factors of c?
13, 31
Suppose -3 = -31*d + 30*d. Suppose 0 = d*z + 2*l - 946, l - 3*l - 962 = -3*z. List the prime factors of z.
2, 3, 53
Let z = 716 + -182. Suppose 4*n - 880 = c + z, -4*c + 1051 = 3*n. List the prime factors of n.
353
Let p be 83/7 - ((-342)/42 - -8). List the prime factors of (2/6 + 0)/(p/288).
2
Let v(m) = 4*m**3 + m**2 + 4*m - 8. Let o be v(2). Suppose 4789 = o*d - 3923. What are the prime factors of d?
2, 11
Let c(x) = x**3 + 31*x**2 + 51*x - 8. What are the prime factors of c(-28)?
2, 229
Suppose -3*j - 2*u + 23796 = 0, 3*j = -28*u + 23*u + 23805. List the prime factors of j.
2, 5, 13, 61
Let k be (-72)/(-38) + (-24)/(-228). Suppose 10 = k*l + 6. Suppose 141 = l*c + c. What are the prime factors of c?
47
Suppose 0 = 96*v - 194502 - 75010 - 180248. What are the prime factors of v?
5, 937
Suppose 4*f + 36800 = 5*z, 0 = z + 4*z - 2*f - 36810. What are the prime factors of z?
2, 7, 263
Suppose 113860 = 4*q - 4*i, -q - 4706 = -2*i - 33171. What are the prime factors of q?
5, 5693
Suppose 8*y + 5*y = -6175. Let q = 988 + y. What are the prime factors of q?
3, 19
Let k = -17287 - -29333. List the prime factors of k.
2, 19, 317
Suppose 2*u = -72 - 30. Let m = u + 54. Suppose -2*k + 58 = 2*s + 3*s, -3*s + m*k = -39. What are the prime factors of s?
2, 3
Suppose -5*x - 3*m = -8, 1 = 3*x - 0*m - 2*m. Let w be (-9)/((1 - 2)*x). Suppose 8*d + 8 = w*d. List the prime factors of d.
2
Let x be 4/14 - (-628)/7. Suppose 18 = -18*l - x. Let q(o) = -o**3 - 3*o**2 + o + 3. What are the prime factors of q(l)?
3, 5, 7
Suppose 16 = -19*r + 15*r. Let p(x) = -3*x - 17. Let a be p(r). Let j(t) = -8*t + 6. List the prime factors of j(a).
2, 23
Let n = 282 - 280. Suppose -n*t - 887 = -1461. List the prime factors of t.
7, 41
Suppose -110*j - 121*j - 472392 = -240*j. What are the prime factors of j?
2, 3
What are the prime factors of (-4)/(-90) + (-5560544)/(-360)?
2, 7723
Let f(q) = 2*q**2 - 3*q - 17. Let i = -171 + 162. List the prime factors of f(i).
2, 43
Suppose -45*a - 204*a + 7613042 = -16*a. List the prime factors of a.
2, 17, 31
Let u(x) be the second derivative of 9/2*x**2 - 10*x - 1/12*x**4 + 0 + 13/6*x**3. List the prime factors of u(13).
3
Let c = 3374 + -1404. Suppose 5*s - 2*i = c, -21*i + 1945 = 5*s - 18*i. List the prime factors of s.
2, 7
Let r(n) = 7*n + 7. Let t be r(5). Suppose -3*x + 2*z + t = -z, -2*x + 3*z + 33 = 0. Suppose 535 = -4*y + x*y. List the prime factors of y.
107
Let m be ((-66)/12)/((-2)/4)*1. Let b = -8 + m. Suppose 321 = 3*w + b*v, -2*w + v = -247 + 42. List the prime factors of w.
2, 13
Let p = -1210 + 1706. Suppose 0 = -13*z + 106*z. Suppose z = -4*d + q + 84 + p, 4*q = 0. What are the prime factors of d?
5, 29
Suppose 3*t = 7*t - 8. Suppose 2*g + t*g = 956. Let d = -65 + g. What are the prime factors of d?
2, 3, 29
Suppose 0 = -k + 4*l + 2, -5*l + 2 = k - l. Suppose -u = 5*f - 1674, k*f - 499 = u + 172. What are the prime factors of f?
5, 67
Let l be -3 + 62/9 + 5/45. Suppose -b - g + 434 = -609, l*g = -3*b + 3130. List the prime factors of b.
2, 521
Suppose 0 = 9*f - 5*x - 87823, -f + 3600 = -5*x - 6167. What are the prime factors of f?
11, 887
Let q(u) be the third derivative of 0 - 1/60*u**5 - 5/6*u**3 - 1/120*u**6 + 0*u + 1/4*u**4 + 8*u**2. List the prime factors of q(-4).
19
Suppose 190360 = 3*h - 2*x, 190365 = 3*h + 3*x - 0*x. Suppose -14204 = 25*z - h. What are the prime factors of z?
2, 5, 197
Let i = 0 - -3. Let r(l) = 57*l**2 - 10*l + 17. Let w be r(3). Suppose i*o = -3*y + w - 59, 0 = -o - 5*y + 127. What are the prime factors of o?
2, 19
Let i = -429 + 433. What are the prime factors of (-1460)/30*((-38)/i - -2)?
5, 73
Let h(z) = -z**2 + 15*z - 3. Let p be h(14). Suppose 4*l - 4*r = -36, 0*r - r = l + p. Let k = l - -94. List the prime factors of k.
2, 3, 7
Suppose 6*s = -36 - 24. List the prime factors of (-1127 + 3)*5/s.
2, 281
Let q = -13242 + 14027. What are the prime factors of q?
5, 157
Let w be ((-544)/10)/((-637)/(-70) - 9). Let s = w + 1015. List the prime factors of s.
3, 157
Suppose 136*l - 129*l = 74095. List the prime factors of l.
5, 29, 73
Let o = 11105 + -5210. List the prime factors of o.
3, 5, 131
Suppose 16*o - 15 = 11*o, -18 = p - 5*o. Let m(i) = 5*i**2 - i**3 - 2*i**2 + 2*i**3 - 3*i. What are the prime factors of m(p)?
3
What are the prime factors of -3 + 480 + (1 - 1)*(-9)/(-18)?
3, 53
Let o = 24146 + -13593. What are the prime factors of o?
61, 173
Let i be -15*(33/(-45) + 3/9). Suppose -4*c + 31 = -i*h + 5*h, 3*c = -5*h + 52. What are the prime factors of (-6)/(1*c/(-66))?
2, 11
Let n(o) = -2136*o - 775. What are the prime factors of n(-3)?
43, 131
Let y(u) = 2*u**2 - u - 11. Let q be y(4). Let z = 157 + q. List the prime factors of z.
2, 3, 29
Let n be (5 - 8)*(2 - (-22)/(-6)). Suppose 3*j + 0*z = n*z - 5, -3*j - 5*z = -35. Suppose j*f - 13*f + 672 = 0. List the prime factors of f.
2, 3, 7
Suppose -3*k = -34517 - 28966. Suppose -35*j - 1036 = -k. List the prime factors of j.
5, 23
Let w(r) = r**3 + 16*r**2 + 25*r + 4. Suppose 0 = -9*t - t + 40. Suppose 4*z + 2 = -s + 4, -t*s = z + 52. List the prime factors of w(s).
2, 23
What are the prime factors of (56/7 - 25) + 12122?
3, 5, 269
Let s(d) = -d**2 - 167*d - 222. List the prime factors of s(-70).
2, 821
Suppose -22 = 2*i - 24. Let t be (-1305)/(-75) - (i + (-6)/10). Let r = t - -7. List the prime factors of r.
2, 3
Suppose -h + 3*h = 1188. Let t = h - 194. List the prime factors of t.
2, 5
Suppose -205*s - 33*s = -3076757 - 4373357. What are the prime factors of s?
23, 1361
Let d = -90 - -186. Le